*2. Calculate a(2).
3
Let u(w) = -10*w**2 + 1. Let t(d) = 2*d - 9. Let v be t(6). Suppose -v*s = -s + 10. Let f = s + 6. Calculate u(f).
-9
Suppose 3*a - 5*c + 52 = a, 5*a = -c - 76. Let m(y) = y + 18. Let t be m(a). Let l(p) be the third derivative of p**5/60 - p**3/6 - 2*p**2. Calculate l(t).
3
Suppose 4*d = -3*b + 94, 4*b + 80 = -0*d + 4*d. Suppose 3*k - 5*s = -d, -k + 3 - 13 = -3*s. Let z(t) = -t**3 - 6*t**2 - 5*t + 4. What is z(k)?
-8
Let t(v) = -v**2 + 2*v - 1. Let q be (-34)/(-4) - 6/(-4). Suppose -4*y - 3*s + 20 = 0, -2*y + 5*s - q = 3*y. Suppose 7*c = y*c + 15. Calculate t(c).
-4
Suppose -2*q = 8, -2*x = -5*q - 1 - 7. Let r = x + 10. Suppose 3*g + 3*b + 14 = r*b, 4*b + 8 = -4*g. Let v(p) = p + 2. Determine v(g).
-2
Let p(x) be the second derivative of -x**5/20 + x**4/3 + 5*x**3/6 + 7*x**2/2 - 121*x. What is p(5)?
7
Let j(s) = s - 12. Suppose 17*r = 15*r. Give j(r).
-12
Let y = -29 + 31. Let a(w) = -7*w**3 + 0 + 3*w**y + 8*w**3 + 4 - 2*w. What is a(-4)?
-4
Let y(x) = 19*x**2 + 13*x + 25. Let l(s) = -16*s**2 - 12*s - 23. Let j(t) = 6*l(t) + 5*y(t). Calculate j(-4).
-1
Let v = -139 + 142. Let j(k) = -2 - 1 - 2*k**2 + 4 - k. Let o(i) = -2*i**2 + 2. Let u(b) = -2*j(b) + 3*o(b). Calculate u(v).
-8
Let w(q) = q. Let p(s) = -s**2 + 5*s - 7. Let h(n) = 3*n**2 - 11*n + 15. Let r(d) = 2*h(d) + 5*p(d). Let g be r(-4). Give w(g).
-1
Let h(l) be the second derivative of -l**5/4 - l**4/6 - l**3/6 + 8*l. Let b be -3 + (5 - (1 + 2)). Determine h(b).
4
Suppose -24*v + 16 = -16*v. Let d(p) be the first derivative of 6 + 1/2*p**v - 1/4*p**4 - 2*p - 4/3*p**3. What is d(-4)?
-6
Let l(p) be the second derivative of -p**5/20 - p**4/2 - 7*p**3/6 - 4*p**2 + 4*p + 6. Calculate l(-5).
2
Let j(t) = -6*t**3 + 2*t**2 - 2*t - 5. Let n(w) = -7*w**3 + 2*w**2 - 2*w - 6. Suppose -p = -0*p + 6. Let f(u) = p*j(u) + 5*n(u). What is f(2)?
4
Let u(d) = 108*d - 16. Let q(w) = 305*w - 47. Let a(j) = 6*q(j) - 17*u(j). Determine a(6).
-46
Let k be (-92)/(-22) - (-10)/(-55). Let y be (-14)/2*(-30)/105. Let i(d) = 4*d + 6 - 2 - d**y + 1. What is i(k)?
5
Let w(f) = -f**2 - 12. Suppose -x + 0*x = v - 3, 4*x - 2*v + 6 = 0. Calculate w(x).
-12
Suppose -18*q + 36*q = -18. Let k(b) = 10*b + 1. Determine k(q).
-9
Let z = 166 + -150. Suppose -i - 2*f + 7 = 0, 4*i + 4 - z = -4*f. Let u(k) = -6*k**2 + 2*k + 1. Determine u(i).
-7
Suppose 0 = -5*m - 0 - 10. Let p(x) = -2*x**3 - x**2 - x. Let s be p(m). Suppose -a + s = 2*b + 3*a, b = 4*a - 17. Let c(y) = -15*y. Determine c(b).
15
Let u(a) = -3*a**3 + 4*a**2 - 7*a + 14. Let q(f) = -4*f**3 + 3*f**2 - 9*f + 15. Let r(b) = -4*q(b) + 5*u(b). Determine r(-8).
2
Let v(g) = -g**2 + 8*g - 8. Let o be v(6). Let t be (-2 - 1)/((-9)/6). Let a(i) = -1 + t*i - 6 + 2 - i. Determine a(o).
-1
Let n(v) be the second derivative of -v**5/20 + v**4/4 + v**3/3 + 4*v**2 + 65*v. What is n(4)?
0
Let w(l) = 5 - 5 + 14*l - 7 - 1 - 2*l**2. Give w(6).
4
Let r(z) be the first derivative of z**3/3 - 3*z**2 - 14*z - 11. Calculate r(7).
-7
Let a = -7 - -9. Let k(d) = 0 - d - 5*d**2 - 1 + d**2 + 3*d**a. Let p be 14/6 - (-6)/(-18). Give k(p).
-7
Suppose 4*p - 5*p = -3. Let h(m) = -3*m**2 + m - 2. Calculate h(p).
-26
Let r(b) = -b**3 - 10*b**2 + 2*b + 113. Let l be r(-9). Let a(f) = f**3 - 14*f**2 + 4*f - 16. Give a(l).
40
Let n be (-7)/(-21) + 280/(-30). Let z(a) = a**3 + 9*a**2 + 3*a + 11. Calculate z(n).
-16
Let s(d) = -5*d**2 - 5*d - 6. Let f(l) be the first derivative of 5*l**3/3 + 3*l**2 + 7*l + 24. Let u(a) = -5*f(a) - 6*s(a). Calculate u(-1).
6
Let g(i) = -i - 2. Let o(t) = -11*t + 18. Let z(j) = -5*j + 9. Let k(u) = 6*o(u) - 13*z(u). Let x be k(-6). Let y be -3 + x*(0 + -3). Give g(y).
-8
Let v(i) = -39*i**2 + 4. Let d(k) = 10*k**2 + 1. Let r(n) = -1. Let l = -14 - -16. Let t(p) = l*r(p) + d(p). Let j(w) = 9*t(w) + 2*v(w). Give j(-1).
11
Suppose a - 12 = -a. Suppose -a*f + 3*h = -f - 6, 2*h - 3 = f. Let v(w) = -6*w**2 - 7 + 4 + 0 - w**f - 8*w. Give v(-5).
12
Suppose -108*v = -104*v - 4. Let z(m) = -11*m**2 - 1. Give z(v).
-12
Suppose 0 = 4*x - 0*x + 4. Let c(b) = -4*b. Let m(u) = -u - 1. Let z(d) = x*c(d) + m(d). Calculate z(-6).
-19
Let z(p) = -p**2 - 2*p. Suppose 0 = 13*r - 16*r - 84. Let j = -32 - r. Let v be z(j). Let k(n) = -n**3 - 9*n**2 - 8*n - 2. Calculate k(v).
-2
Let m(u) be the third derivative of u**4/12 - 5*u**3/6 + 45*u**2. Calculate m(2).
-1
Let o = 933 - 931. Let n(g) = -1. Let u(r) = 6*r**2 - 4*r + 6. Let p(d) = 3*n(d) + u(d). Give p(o).
19
Let k(z) = 2*z. Let v(g) be the third derivative of -g**5/60 - 3*g**4/8 - 8*g**3/3 + 3*g**2. Let q be v(-6). What is k(q)?
4
Let o(y) = 131*y**3 - 363*y**3 + 116*y**3 + y - 1 + y**2 + 129*y**3. Let s = 2 - 1. Give o(s).
14
Let b(a) = -2*a**2 + 65*a + 960. Let u be b(-11). Let d(n) = -n**2 + 5*n - 4. Let z be d(4). Let s(c) = z*c - 4 + c + c**2 + 0*c. Give s(u).
8
Let j(n) = 3*n + 3. Let t(s) = -4*s - 2. Let x(p) = -3*j(p) - 2*t(p). Let u be 3 + (180/16 - 2/8). Suppose -u*g - 48 = -6*g. Calculate x(g).
1
Let y(x) = x**2 + 7*x - 4. Suppose 47 = -10*k - 43. Determine y(k).
14
Let o(p) = -p**2 + 2*p - 3*p - 4 - 7*p + 2*p. Let y be 1*2 - (7 + -27). Suppose 4*r + y = 5*f, 4*r = 4*f - 9*f - 2. What is o(r)?
5
Let h(i) be the third derivative of i**5/60 + i**4/8 + 5*i**3/6 + i**2. Suppose 998*f = 996*f - 8. Calculate h(f).
9
Let x(k) be the first derivative of k**3/3 + 5*k**2/2 + 3*k + 40. What is x(-3)?
-3
Let o(b) = -5*b - 4. Let x(n) = -6*n - 4. Let z(w) = 3*o(w) - 4*x(w). Let d(y) = -7*y - 46. Let r be d(-7). Determine z(r).
31
Suppose 4*x + 4 = -5*s, 0*s = 4*x - 4*s + 40. Let p = 10 + x. Let z = -7 + p. Let d(b) = -b**2 - 3*b + 4. Determine d(z).
4
Let h(i) = -9*i**2 + 1 - 42*i + 41*i + 8*i**2. Give h(-1).
1
Let z(m) be the first derivative of m**4/4 + 2*m**3 - 3*m**2 + 10*m - 3. Let j be (21 - 14)/(1 - (-3 + 5)). What is z(j)?
3
Suppose 0 = -5*s, w = 5*s - 5 + 1. Let u = w - -7. Suppose 2*y + u*r = -r - 6, -5*y + 2*r = 15. Let a(o) = -o**2 - 5*o - 2. Give a(y).
4
Let s(c) be the second derivative of -c**3/6 - 7*c**2/2 + 3*c. Let o(k) = -9*k**3 + 369*k**2. Let y be o(41). Determine s(y).
-7
Let d = -4 + 8. Suppose -5*j - 46 - 31 = -d*k, 0 = k - 2*j - 23. Let i(g) = -k*g + 7*g + 8*g + 3. What is i(-3)?
-3
Let y(p) = 5*p**2 - 3*p**2 - 42 + 5*p - p**3 - 11*p**2. Calculate y(-10).
8
Let p(y) = 5*y**2 - 2*y - 9. Let x(u) = 5*u**2 - u - 9. Let c(t) = 2*p(t) - 3*x(t). Let q(v) = -4*v**2 - 2*v + 9. Let z(s) = -3*c(s) + 4*q(s). Determine z(-7).
-5
Let i be (-1 - 0)*2*11. Let v = i - -16. Let u be (-4)/v - 8/3. Let b(t) = 2*t**3 + t**2 + 2*t. Calculate b(u).
-16
Suppose 0 = -2*a - 45 + 63. Let n(u) = 2*u - 22. Let w be n(a). Let t(r) = r**2 + 2*r + 4. Calculate t(w).
12
Let m(n) = 3*n**2 - 17*n. Let v(d) = -16*d**2 + 87*d. Let x(a) = -11*m(a) - 2*v(a). Determine x(13).
0
Let l(t) = -7*t + 48. Let r(k) = -4*k + 21. Let j(m) = -2*l(m) + 5*r(m). What is j(6)?
-27
Let i(k) = 3*k**2 + 17*k + 12. Let n(h) = -h**2 - 6*h - 4. Let b(d) = -2*d + 34. Let q be b(14). Let p(l) = q*i(l) + 17*n(l). Give p(3).
13
Let n(z) be the first derivative of -z**3/3 - 3*z**2/2 + 8*z + 1. Let o(h) = -2*h**3 - 18*h**2 - 3*h - 11. Let y be o(-9). Suppose -3*p = 34 - y. Give n(p).
-10
Let a(k) = k**2 - 13*k + 3. Let w be a(13). Suppose 2*h + w = -h. Let n(y) = -1 + 2*y**2 + 0 - 7*y**2. Give n(h).
-6
Let v(i) = i**3 + 6*i**2 + 6*i + 7. Suppose 2*f = 2*d - 8, 3*d + 2 = -2*f - 6. Suppose d = -18*u + 19*u + 5. Determine v(u).
2
Let m(s) = -s**3 + 4*s**2 - 4*s + 3. Let z(i) = -5*i + 15. Let h be z(0). Suppose -6*f + f = -h. Determine m(f).
0
Let h(i) be the first derivative of 0*i + 3 + 11/2*i**2. Let y(n) = -2*n + 15. Let x be y(7). Calculate h(x).
11
Let w(i) = i**2. Let s(q) = -4*q**2 - q. Let j(u) = -s(u) - 3*w(u). Calculate j(-6).
30
Suppose -2*i = -0*i + 2*z, -12 = 3*z. Let v = i + -1. Suppose -5*d = v*p + 3, -2*p + 2 = 5*d - 4*p. Let m(k) = k**2 - k + 7. Determine m(d).
7
Let l(a) be the first derivative of -a**2 + 47*a + 406. Give l(18).
11
Let d(f) = -1475*f - 7367. Let p be d(-5). Let w(s) be the second derivative of s**4/12 - 3*s**3/2 + 5*s**2 + s. Give w(p).
2
Let w(m) = m**2 + 9*m + 9. Suppose -4*v - 26 = 3*o, 4*v - 2*v - 3*o = -22. Let g be (12/(-8))/((-6)/v) - 5. Give w(g).
-5
Let l(g) = g**3 - 8*g**2 + 15*g - 8. Let m = 1051 + -1046. Give l(m